{"id":1123,"date":"2022-07-12T16:06:41","date_gmt":"2022-07-12T16:06:41","guid":{"rendered":"https:\/\/www.unser-weissensee.de\/?page_id=1123"},"modified":"2025-06-17T08:34:02","modified_gmt":"2025-06-17T08:34:02","slug":"impressum","status":"publish","type":"page","link":"https:\/\/www.unser-weissensee.de\/index.php\/impressum\/","title":{"rendered":"Impressum"},"content":{"rendered":"\n<div class=\"post_excerpt \"><\/p>\n\n\n\n<p><strong>Angaben nach \u00a7 5 TMG:<\/strong><\/p>\n\n\n\n<p>FreiZeitHaus e.V. \/\/ Pistoriusstra\u00dfe 23 \/\/ 13086 Berlin<br>Tel: 030 \/ 92 79 94 63 \/\/ Email: <a rel=\"noreferrer noopener\" href=\"mailto:info@frei-zeit-haus.de\" target=\"_blank\">info@frei-zeit-haus.de<\/a><\/p>\n\n\n\n<p><strong>Bankverbindung<\/strong><br>GLS Bank<br>IBAN DE 85 4306 0967 1145 4622 00<br>BIC: GENODEM1GLS<\/p>\n\n\n\n<p>Der Vorstand beschlie\u00dft einstimmig folgende \u00c4mterverteilung:<br><strong>Stefanie Str\u00fcmpfler<\/strong> (Vorsitzende)<br><strong>Stefan Senkel<\/strong> (stellv. Vorsitzender, Schatzmeister)<br><strong>Doreen Buske<\/strong> (Schriftf\u00fchrerin<strong>)<br>Regine Priller<\/strong> (Beisitzerin)<\/p>\n\n\n\n<p>Vertretungsberechtigt sind laut Satzung:<br>Gemeinsam 2 Vertreter vom Gesch\u00e4ftsf\u00fchrenden Vorstand,<br>bestehend aus Vorsitzender, Stellvertretender, Schriftf\u00fchrerin und Schatzmeister.<\/p>\n\n\n\n<p>Der Vorstand ist \u00fcber die o.g. Adresse erreichbar<br>Sowie auch \u00fcber <a rel=\"noreferrer noopener\" href=\"mailto:vorstand@frei-zeit-haus.de\" target=\"_blank\">vorstand@frei-zeit-haus.de<\/a><\/p>\n\n\n\n<p>Wir sind Mitglied im Verband f\u00fcr sozial-kulturelle Arbeit e. V. und im Parit\u00e4tischen Wohlfahrtsverband.<\/p>\n\n\n\n<p>Registergericht Charlottenburg \/\/ Registernummer VR 10644 B<br>USt.-ID: DE124090847<\/p>\n\n\n\n<p>Gesch\u00e4ftsf\u00fchrerin:<br><a rel=\"noreferrer noopener\" href=\"https:\/\/deref-web.de\/mail\/client\/9QZtZ0FXMv4\/dereferrer\/?redirectUrl=https%3A%2F%2Fwww.frei-zeit-haus.de%2Faktuelles%2Fneue-geschaeftsfuehrerin-des-frei-zeit-haus-e-v.html\" target=\"_blank\">Anne Lemberg<\/a> \/\/ <a rel=\"noreferrer noopener\" href=\"mailto:anne.lemberg@frei-zeit-haus.de\" target=\"_blank\">anne.lemberg@frei-zeit-haus.de<\/a><\/p>\n\n\n\n<p>Verantwortlicher f\u00fcr journalistisch-redaktionelle Inhalte:<br>Anne Lemberg \/\/ FreiZeitHaus e.V. <br>Pistoriusstra\u00dfe 23 \/\/ 13086 Berlin<br>030 92 79 94 65 \/\/ <a rel=\"noreferrer noopener\" href=\"mailto:anne.lemberg@frei-zeit-haus.de\" target=\"_blank\">anne.lemberg@frei-zeit-haus.de<\/a><\/p>\n\n\n\n<p>Dieses Impressum gilt auch f\u00fcr die Profile unseres Vereins auf den folgenden sozialen Netzwerken: facebook.<\/p>\n\n\n\n<p><strong>Dieser Blog wurde mit Zuwendungen vom <a href=\"https:\/\/www.berlin.de\/jugendamt-pankow\/\">Jugendamt\/Bezirk Pankow<\/a> gef\u00f6rdert. <\/strong><\/p>\n\n\n\n<p><em>Die Veranstaltenden behalten sich vor, von ihrem Hausrecht Gebrauch zu machen und Personen, die rechtsextremen Parteien oder Organisationen angeh\u00f6ren, der rechtsextremen Szene zuzuordnen sind oder bereits in der Vergangenheit durch rassistische, nationalistische, antisemitische oder sonstige menschenverachtende \u00c4u\u00dferungen in Erscheinung getreten sind, den Zutritt zur Veranstaltung zu verwehren oder von dieser auszuschlie\u00dfen.<\/em><\/div>\n","protected":false},"excerpt":{"rendered":"","protected":false},"author":5,"featured_media":0,"parent":0,"menu_order":0,"comment_status":"closed","ping_status":"closed","template":"","meta":{"footnotes":""},"class_list":["post-1123","page","type-page","status-publish","hentry"],"_links":{"self":[{"href":"https:\/\/www.unser-weissensee.de\/index.php\/wp-json\/wp\/v2\/pages\/1123","targetHints":{"allow":["GET"]}}],"collection":[{"href":"https:\/\/www.unser-weissensee.de\/index.php\/wp-json\/wp\/v2\/pages"}],"about":[{"href":"https:\/\/www.unser-weissensee.de\/index.php\/wp-json\/wp\/v2\/types\/page"}],"author":[{"embeddable":true,"href":"https:\/\/www.unser-weissensee.de\/index.php\/wp-json\/wp\/v2\/users\/5"}],"replies":[{"embeddable":true,"href":"https:\/\/www.unser-weissensee.de\/index.php\/wp-json\/wp\/v2\/comments?post=1123"}],"version-history":[{"count":14,"href":"https:\/\/www.unser-weissensee.de\/index.php\/wp-json\/wp\/v2\/pages\/1123\/revisions"}],"predecessor-version":[{"id":3059,"href":"https:\/\/www.unser-weissensee.de\/index.php\/wp-json\/wp\/v2\/pages\/1123\/revisions\/3059"}],"wp:attachment":[{"href":"https:\/\/www.unser-weissensee.de\/index.php\/wp-json\/wp\/v2\/media?parent=1123"}],"curies":[{"name":"wp","href":"https:\/\/api.w.org\/{rel}","templated":true}]}}

<div class="post_excerpt "></p>



<p><strong>Angaben nach § 5 TMG:</strong></p>



<p>FreiZeitHaus e.V. // Pistoriusstraße 23 // 13086 Berlin<br>Tel: 030 / 92 79 94 63 // Email: <a rel="noreferrer noopener" href="mailto:info@frei-zeit-haus.de" target="_blank">info@frei-zeit-haus.de</a></p>



<p><strong>Bankverbindung</strong><br>GLS Bank<br>IBAN DE 85 4306 0967 1145 4622 00<br>BIC: GENODEM1GLS</p>



<p>Der Vorstand beschließt einstimmig folgende Ämterverteilung:<br><strong>Stefanie Strümpfler</strong> (Vorsitzende)<br><strong>Stefan Senkel</strong> (stellv. Vorsitzender, Schatzmeister)<br><strong>Doreen Buske</strong> (Schriftführerin<strong>)<br>Regine Priller</strong> (Beisitzerin)</p>



<p>Vertretungsberechtigt sind laut Satzung:<br>Gemeinsam 2 Vertreter vom Geschäftsführenden Vorstand,<br>bestehend aus Vorsitzender, Stellvertretender, Schriftführerin und Schatzmeister.</p>



<p>Der Vorstand ist über die o.g. Adresse erreichbar<br>Sowie auch über <a rel="noreferrer noopener" href="mailto:vorstand@frei-zeit-haus.de" target="_blank">vorstand@frei-zeit-haus.de</a></p>



<p>Wir sind Mitglied im Verband für sozial-kulturelle Arbeit e. V. und im Paritätischen Wohlfahrtsverband.</p>



<p>Registergericht Charlottenburg // Registernummer VR 10644 B<br>USt.-ID: DE124090847</p>



<p>Geschäftsführerin:<br><a rel="noreferrer noopener" href="https://deref-web.de/mail/client/9QZtZ0FXMv4/dereferrer/?redirectUrl=https%3A%2F%2Fwww.frei-zeit-haus.de%2Faktuelles%2Fneue-geschaeftsfuehrerin-des-frei-zeit-haus-e-v.html" target="_blank">Anne Lemberg</a> // <a rel="noreferrer noopener" href="mailto:anne.lemberg@frei-zeit-haus.de" target="_blank">anne.lemberg@frei-zeit-haus.de</a></p>



<p>Verantwortlicher für journalistisch-redaktionelle Inhalte:<br>Anne Lemberg // FreiZeitHaus e.V. <br>Pistoriusstraße 23 // 13086 Berlin<br>030 92 79 94 65 // <a rel="noreferrer noopener" href="mailto:anne.lemberg@frei-zeit-haus.de" target="_blank">anne.lemberg@frei-zeit-haus.de</a></p>



<p>Dieses Impressum gilt auch für die Profile unseres Vereins auf den folgenden sozialen Netzwerken: facebook.</p>



<p><strong>Dieser Blog wurde mit Zuwendungen vom <a href="https://www.berlin.de/jugendamt-pankow/">Jugendamt/Bezirk Pankow</a> gefördert. </strong></p>



<p><em>Die Veranstaltenden behalten sich vor, von ihrem Hausrecht Gebrauch zu machen und Personen, die rechtsextremen Parteien oder Organisationen angehören, der rechtsextremen Szene zuzuordnen sind oder bereits in der Vergangenheit durch rassistische, nationalistische, antisemitische oder sonstige menschenverachtende Äußerungen in Erscheinung getreten sind, den Zutritt zur Veranstaltung zu verwehren oder von dieser auszuschließen.</em></div>
